{"id":40,"date":"2017-08-15T11:42:43","date_gmt":"2017-08-15T11:42:43","guid":{"rendered":"https:\/\/velikorodnov.com\/dev\/owlhouse\/?page_id=40"},"modified":"2025-07-30T03:48:12","modified_gmt":"2025-07-30T03:48:12","slug":"our-staff","status":"publish","type":"page","link":"https:\/\/www.diekleinengiganten.de\/?page_id=40","title":{"rendered":"Team"},"content":{"rendered":"<p>[vc_row][vc_column][vc_column_text]<\/p>\n<h2><span style=\"color: #e30613;\">T<\/span><span style=\"color: #009fe3;\">E<\/span><span style=\"color: #009640;\">A<\/span><span style=\"color: #f39200;\">M<\/span><\/h2>\n<p>[\/vc_column_text][\/vc_column][\/vc_row][vc_row full_width=&#8221;stretch_row&#8221; css=&#8221;.vc_custom_1549720248195{margin-bottom: 25px !important;padding-top: 25px !important;padding-bottom: 0px !important;background-image: url(https:\/\/www.diekleinengiganten.de\/wp-content\/uploads\/2017\/08\/1920x211_bg-2.png?id=765) !important;}&#8221;][vc_column][vc_column_text css=&#8221;.vc_custom_1593202874022{margin-bottom: 50px !important;background-image: url(https:\/\/www.diekleinengiganten.de\/wp-content\/uploads\/2017\/08\/1920x211_bg.png?id=284) !important;}&#8221;]<\/p>\n<h3><strong>T<\/strong>eamf\u00e4hig<br \/>\n<strong>E<\/strong>ngagiert<br \/>\n<strong>A<\/strong>ufmerksam<br \/>\n<strong>M<\/strong>otiviert<\/h3>\n<p><a name=\"_Toc524607556\"><\/a><u><\/u>[\/vc_column_text][vc_column_text]Die Grundhaltung unserer Mitarbeiter*innen ist vertrauensvoll und zugewandt. Wir nehmen die Themen und Anliegen unserer Kinder ernst und suchen gemeinsam und ergebnisoffen nach L\u00f6sungen.<\/p>\n<p>In unserer Einrichtung pflegen wir eine hohe Sensibilit\u00e4t f\u00fcr das Thema N\u00e4he\/Distanz. Wir erwarten von unseren Mitarbeiter*innen, dass diese mitgetragen wird.<\/p>\n<p>Neue Mitarbeiter*innen werden im Rahmen unseres Einarbeitungsprozesses mit unserer Sicht auf Rechte von Kindern vertraut gemacht.\u00a0Mitarbeiter*innen werden im Umgang mit krisenhaften Verl\u00e4ufen geschult und begleitet. So vermitteln wir unseren Mitarbeiter*innen Handlungssicherheit.\u00a0In unserer Einrichtung gibt es ein lebendiges Beschwerdewesen.<\/p>\n<p>In unserer Einrichtung wird der Kinderschutz strukturell und nachhaltig gesichert. Unsere Mitarbeiter*innen arbeiten nach daf\u00fcr speziell entwickelten Konzepten.\u00a0Eine professionelle Fehler- und Feedbackkultur ist in unserer Einrichtung Grundvoraussetzung f\u00fcr eine kollegiale Zusammenarbeit.\u00a0Dem Schutz von Mitarbeiter*innen kommt in unserer Organisation eine wichtige Bedeutung zu.\u00a0Jede*r Mitarbeiter*in tr\u00e4gt aktiv dazu bei, dass unsere Einrichtung ein sicherer Ort ist und dass unsere Kinder vor \u00dcbergriffen gesch\u00fctzt werden.<\/p>\n<p>Von allen Mitarbeiter*innen unserer Einrichtung werden bei Neueinstellung und in der Folge erweiterte polizeiliche F\u00fchrungszeugnisse vorgelegt.<\/p>\n<p>&nbsp;<\/p>\n<p>[\/vc_column_text][\/vc_column][\/vc_row][vc_row][vc_column][vc_separator][vc_mad_team_members title_align=&#8221;align-center&#8221; columns=&#8221;4&#8243; items=&#8221;-1&#8243; title=&#8221;Leitungsteam&#8221; categories=&#8221;21&#8243;][vc_mad_team_members title_align=&#8221;align-center&#8221; columns=&#8221;4&#8243; items=&#8221;-1&#8243; orderby=&#8221;title&#8221; title=&#8221;P\u00e4dagogische Fachkr\u00e4fte&#8221; description=&#8221;Die Kindertagesst\u00e4tte &#8220;Die kleinen Giganten&#8220; besch\u00e4ftigt insgesamt 14 Erzieher und Erzieherinnen.&#8221; categories=&#8221;42&#8243;][vc_separator][\/vc_column][vc_column][\/vc_column][\/vc_row][vc_row][vc_column][vc_mad_team_members title_align=&#8221;align-center&#8221; columns=&#8221;4&#8243; items=&#8221;2&#8243; orderby=&#8221;ID&#8221; title=&#8221;Gesch\u00e4ftsf\u00fchrung&#8221; description=&#8221;Der Tr\u00e4ger ist die Zukunftsschmiede gGmbH. Unser Ziel ist es, einen Teil dazu beizutragen, die Kinder auf die Zukunft vorzubereiten und den Kindern eine sch\u00f6ne Kindergartenzeit zu erm\u00f6glichen.<\/p>\n<p>Die Kindertagesst\u00e4tte \u201eDie kleinen Giganten\u201c ist von zwei M\u00fcttern gegr\u00fcndet worden.&#8221; categories=&#8221;71&#8243;][\/vc_column][\/vc_row][vc_row][vc_column][vc_separator][vc_column_text]<u>Rolle und Aufgaben des Erziehers<\/u><\/p>\n<ul>\n<li>Ganzheitliche F\u00f6rderung<\/li>\n<li>\u201eSicheren Hafen\u201c schaffen<\/li>\n<li>Wertsch\u00e4tzende Haltung gegen\u00fcber den Familien<\/li>\n<li>Kind als Individuum sehen<\/li>\n<li>Altersgerechte Bildungsangebote<\/li>\n<li>Wir sind f\u00fcr die Kinder jederzeit pr\u00e4sent und ansprechbar<\/li>\n<li>Die Kinder unterst\u00fctzen, f\u00f6rdern und best\u00e4rken<\/li>\n<li>Wir begleiten die Kinder in Spielsituationen und geben Anregungen.<\/li>\n<li>Bed\u00fcrfnisse der Kinder erkennen und nutzen<\/li>\n<li>Beobachten und Dokumentieren<\/li>\n<li>Altersentsprechende und anregende Umgebung schaffen<\/li>\n<li>Wir handeln professionell, indem wir unsere Kompetenzen einsetzen und unser Handeln stetig reflektieren, um uns weiterzuentwickeln<\/li>\n<\/ul>\n<p>[\/vc_column_text][\/vc_column][\/vc_row][vc_row full_width=&#8221;stretch_row&#8221; parallax=&#8221;content-moving&#8221; css=&#8221;.vc_custom_1549721004022{margin-bottom: 0px !important;padding-top: 90px !important;padding-bottom: 70px !important;background-image: url(https:\/\/www.diekleinengiganten.de\/wp-content\/uploads\/2017\/08\/1920x211_bg-2.png?id=765) !important;}&#8221;][vc_column][vc_row_inner][vc_column_inner width=&#8221;1\/2&#8243;][vc_column_text css=&#8221;.vc_custom_1581603530070{margin-bottom: 0px !important;padding-bottom: 0px !important;}&#8221;]<\/p>\n<h3 class=\"section-title\">Fragen oder Anregungen?<\/h3>\n<div class=\"text-wrap\">\n<p>Sie haben Fragen oder Anregungen rund um die Kita?<\/p>\n<p>Sende uns eine Nachricht mit deinen Kontaktdaten und wir setzten uns mit dir in Verbindung oder sende uns eine E-Mail an <a href=\"mailto:info@diekleinengiganten.de\">info@diekleinengiganten.de<\/a>.<\/p>\n<\/div>\n<p>[\/vc_column_text][\/vc_column_inner][vc_column_inner width=&#8221;1\/2&#8243;]<div role=\"form\" class=\"wpcf7\" id=\"wpcf7-f4-o1\" lang=\"en-US\" dir=\"ltr\">\n<div class=\"screen-reader-response\"><p role=\"status\" aria-live=\"polite\" aria-atomic=\"true\"><\/p> <ul><\/ul><\/div>\n<form action=\"\/index.php?rest_route=%2Fwp%2Fv2%2Fpages%2F40#wpcf7-f4-o1\" method=\"post\" class=\"wpcf7-form init\" novalidate=\"novalidate\" data-status=\"init\">\n<div style=\"display: none;\">\n<input type=\"hidden\" name=\"_wpcf7\" value=\"4\" \/>\n<input type=\"hidden\" name=\"_wpcf7_version\" value=\"5.3.2\" \/>\n<input type=\"hidden\" name=\"_wpcf7_locale\" value=\"en_US\" \/>\n<input type=\"hidden\" name=\"_wpcf7_unit_tag\" value=\"wpcf7-f4-o1\" \/>\n<input type=\"hidden\" name=\"_wpcf7_container_post\" value=\"0\" \/>\n<input type=\"hidden\" name=\"_wpcf7_posted_data_hash\" value=\"\" \/>\n<\/div>\n<p><span class=\"wpcf7-form-control-wrap your-name\"><input type=\"text\" name=\"your-name\" value=\"\" size=\"40\" class=\"wpcf7-form-control wpcf7-text wpcf7-validates-as-required\" aria-required=\"true\" aria-invalid=\"false\" placeholder=\"Dein Name\" \/><\/span><\/p>\n<p><span class=\"wpcf7-form-control-wrap your-email\"><input type=\"email\" name=\"your-email\" value=\"\" size=\"40\" class=\"wpcf7-form-control wpcf7-text wpcf7-email wpcf7-validates-as-required wpcf7-validates-as-email\" aria-required=\"true\" aria-invalid=\"false\" placeholder=\"Deine E-Mail\" \/><\/span><\/p>\n<p><span class=\"wpcf7-form-control-wrap your-message\"><textarea name=\"your-message\" cols=\"40\" rows=\"10\" class=\"wpcf7-form-control wpcf7-textarea\" aria-invalid=\"false\" placeholder=\"Bemerkung\"><\/textarea><\/span><\/p>\n<p><input type=\"submit\" value=\"Senden\" class=\"wpcf7-form-control wpcf7-submit\" \/><\/p>\n<div class=\"wpcf7-response-output\" aria-hidden=\"true\"><\/div><\/form><\/div>[\/vc_column_inner][\/vc_row_inner][\/vc_column][\/vc_row]<\/p>\n","protected":false},"excerpt":{"rendered":"<p>[vc_row][vc_column][vc_column_text] TEAM [\/vc_column_text][\/vc_column][\/vc_row][vc_row full_width=&#8221;stretch_row&#8221; css=&#8221;.vc_custom_1549720248195{margin-bottom: 25px !important;padding-top: 25px !important;padding-bottom: 0px !important;background-image: url(https:\/\/www.diekleinengiganten.de\/wp-content\/uploads\/2017\/08\/1920x211_bg-2.png?id=765) !important;}&#8221;][vc_column][vc_column_text css=&#8221;.vc_custom_1593202874022{margin-bottom: 50px !important;background-image: url(https:\/\/www.diekleinengiganten.de\/wp-content\/uploads\/2017\/08\/1920x211_bg.png?id=284) !important;}&#8221;] Teamf\u00e4hig Engagiert Aufmerksam Motiviert [\/vc_column_text][vc_column_text]Die Grundhaltung unserer Mitarbeiter*innen ist vertrauensvoll und zugewandt. Wir nehmen die Themen und Anliegen unserer Kinder ernst und suchen gemeinsam und ergebnisoffen nach L\u00f6sungen. In unserer Einrichtung pflegen wir eine hohe Sensibilit\u00e4t f\u00fcr [&hellip;]<\/p>\n","protected":false},"author":1,"featured_media":0,"parent":0,"menu_order":0,"comment_status":"closed","ping_status":"closed","template":"","meta":{"_EventAllDay":false,"_EventTimezone":"","_EventStartDate":"","_EventEndDate":"","_EventStartDateUTC":"","_EventEndDateUTC":"","_EventShowMap":false,"_EventShowMapLink":false,"_EventURL":"","_EventCost":"","_EventCostDescription":"","_EventCurrencySymbol":"","_EventCurrencyPosition":"","_EventDateTimeSeparator":"","_EventTimeRangeSeparator":"","_EventOrganizerID":[],"_EventVenueID":0,"_OrganizerEmail":"","_OrganizerPhone":"","_OrganizerWebsite":"","_VenueAddress":"","_VenueCity":"","_VenueCountry":"","_VenueProvince":"","_VenueZip":"","_VenuePhone":"","_VenueURL":"","_VenueStateProvince":"","_VenueLat":"","_VenueLng":"","footnotes":""},"class_list":["post-40","page","type-page","status-publish","hentry"],"_links":{"self":[{"href":"https:\/\/www.diekleinengiganten.de\/index.php?rest_route=\/wp\/v2\/pages\/40","targetHints":{"allow":["GET"]}}],"collection":[{"href":"https:\/\/www.diekleinengiganten.de\/index.php?rest_route=\/wp\/v2\/pages"}],"about":[{"href":"https:\/\/www.diekleinengiganten.de\/index.php?rest_route=\/wp\/v2\/types\/page"}],"author":[{"embeddable":true,"href":"https:\/\/www.diekleinengiganten.de\/index.php?rest_route=\/wp\/v2\/users\/1"}],"replies":[{"embeddable":true,"href":"https:\/\/www.diekleinengiganten.de\/index.php?rest_route=%2Fwp%2Fv2%2Fcomments&post=40"}],"version-history":[{"count":10,"href":"https:\/\/www.diekleinengiganten.de\/index.php?rest_route=\/wp\/v2\/pages\/40\/revisions"}],"predecessor-version":[{"id":2110,"href":"https:\/\/www.diekleinengiganten.de\/index.php?rest_route=\/wp\/v2\/pages\/40\/revisions\/2110"}],"wp:attachment":[{"href":"https:\/\/www.diekleinengiganten.de\/index.php?rest_route=%2Fwp%2Fv2%2Fmedia&parent=40"}],"curies":[{"name":"wp","href":"https:\/\/api.w.org\/{rel}","templated":true}]}}